{"id":95,"date":"2017-03-27T08:18:21","date_gmt":"2017-03-27T11:18:21","guid":{"rendered":"http:\/\/eba.ufmg.br\/nossa-escola\/?page_id=95"},"modified":"2026-02-02T09:50:07","modified_gmt":"2026-02-02T12:50:07","slug":"tecnicos-administrativos","status":"publish","type":"page","link":"https:\/\/www.eba.ufmg.br\/index.php\/tecnicos-administrativos\/","title":{"rendered":"T\u00e9cnicos-Administrativos"},"content":{"rendered":"\n<figure class=\"wp-block-table\"><table class=\"has-fixed-layout\"><tbody><tr><td><span style=\"color: #0000ff;\"><strong>SERVIDORES<\/strong><\/span><\/td><td><span style=\"color: #0000ff;\"><strong>TELEFONES<\/strong><\/span><\/td><td><span style=\"color: #0000ff;\"><strong>SETORES<\/strong><\/span><\/td><\/tr><tr><td>\u00c1dila de Oliveira<\/td><td>3409-7465<\/td><td>Se\u00e7\u00e3o de Contabilidade<\/td><\/tr><tr><td>Aline Fernandes Oliveira<\/td><td>3409-5270<\/td><td>Secretaria Geral<\/td><\/tr><tr><td>Anderson Moraes Abreu<\/td><td>3409-5254<\/td><td>Biblioteca<\/td><\/tr><tr><td>Arnaldo Tadeu da Silva<\/td><td>3409-5556<\/td><td>Superintend\u00eancia Administrativa<\/td><\/tr><tr><td>Carlos Ant\u00f4nio de Souza Perini<\/td><td>3409-5266<\/td><td>Setor de Tecnologia da Informa\u00e7\u00e3o<\/td><\/tr><tr><td>Carolina Lage Gualberto<\/td><td>3409-5385<\/td><td>Colegiado de Dan\u00e7a<\/td><\/tr><tr><td>C\u00e9lia Schineider<\/td><td>3409-7488<\/td><td>Arquivo Inativo<\/td><\/tr><tr><td>Cl\u00e1udio Nadalin Vaz da Costa<\/td><td>3409-5376<\/td><td>Cecor<\/td><\/tr><tr><td>Cleber Fernandes Augusto Falieri<\/td><td>3409-5297<\/td><td>Depto. de Fotografia, Teatro e Cinema &#8211; FTC<\/td><\/tr><tr><td>Daniel Pereira Rocha<\/td><td>3409-5272<\/td><td>Se\u00e7\u00e3o de Log\u00edstica Operacional<\/td><\/tr><tr><td>Daniel Rodrigues<\/td><td>3409-5253<\/td><td>Biblioteca<\/td><\/tr><tr><td>Eliezer Sampaio dos Santos J\u00fanior<\/td><td>3409-5272<\/td><td>Se\u00e7\u00e3o de Log\u00edstica Operacional<\/td><\/tr><tr><td>Elvio Batista<\/td><td>3409-5269<\/td><td>Se\u00e7\u00e3o de Ensino<\/td><\/tr><tr><td>Elza Maria Santos<\/td><td>3409-5297<\/td><td>Depto. de Fotografia, Teatro e Cinema &#8211; FTC<\/td><\/tr><tr><td>Geraldo das Dores Gon\u00e7alves<\/td><td>3409-5385<\/td><td>Colegiado de Design de Moda<\/td><\/tr><tr><td>Gilberto Fa\u00fala Avelar Neto<\/td><td>3409-7482<\/td><td>Se\u00e7\u00e3o de Almoxarifado e Patrim\u00f4nio<\/td><\/tr><tr><td>Ingrid Morais Sim\u00f5es Lima<\/td><td>3409-5263<\/td><td>Secretaria Geral<\/td><\/tr><tr><td>Isabella Damasceno Sampaio<\/td><td>3409-5297<\/td><td>Colegiado de Artes Visuais<\/td><\/tr><tr><td>Ismael Soares de Assump\u00e7\u00e3o<\/td><td>3409-5277<\/td><td>Teatro<\/td><\/tr><tr><td>Jos\u00e9 Afonso Martins<\/td><td>3409-5293<\/td><td>Depto. de Artes Pl\u00e1sticas &#8211; APL \/ Escultura<\/td><\/tr><tr><td>Jos\u00e9 H\u00e9lio de Souza<\/td><td>3409-5271<\/td><td>Se\u00e7\u00e3o de Pessoal<\/td><\/tr><tr><td>Jos\u00e9 Raimundo de Castro Filho<\/td><td>3409-5295<\/td><td>Cecor<\/td><\/tr><tr><td>Juliana Santos Fonseca<\/td><td>3409-5385<\/td><td>Colegiado de Dan\u00e7a<\/td><\/tr><tr><td>Junio Cesar Vieira<\/td><td>3409-5266<\/td><td>Setor de Tecnologia da Informa\u00e7\u00e3o<\/td><\/tr><tr><td>K\u00e1ssio Santiago Pires de Souza<\/td><td>3409-5270<\/td><td>Se\u00e7\u00e3o de Almoxarifado e Patrim\u00f4nio<\/td><\/tr><tr><td>Klausmax Pereira Coelho<\/td><td>3409-5375<\/td><td>Se\u00e7\u00e3o de Log\u00edstica Operacional<\/td><\/tr><tr><td>Leandro Alves Felicio<\/td><td>3409-5285<\/td><td>Colegiado do CAAD<\/td><\/tr><tr><td>Luciana de Oliveira Matos Cunha<\/td><td>3409-5254<\/td><td>Biblioteca<\/td><\/tr><tr><td>Maria de Lourdes Mac\u00eado<\/td><td>3409-5263<\/td><td>Secretaria Geral<\/td><\/tr><tr><td>Mariana F\u00e9lix Morato<\/td><td>3409-5287<\/td><td>Departamento de Artes Pl\u00e1sticas<\/td><\/tr><tr><td>Maryelle Joelma Cordeiro<\/td><td>3409- 5295<\/td><td>Depto. de Desenho &#8211; DES<\/td><\/tr><tr><td>Mauri Lacerda<\/td><td>3409-5272<\/td><td>Se\u00e7\u00e3o de Log\u00edstica Operacional<\/td><\/tr><tr><td>Michel Kick de Souza Lima<\/td><td>3409-5272<\/td><td>Se\u00e7\u00e3o de Log\u00edstica Operacional<\/td><\/tr><tr><td>Michel Morais Corsino<\/td><td>3409-5256<\/td><td>Cenex EBA<\/td><\/tr><tr><td>Moema Nascimento Queiroz<\/td><td>3409-5376<\/td><td>Cecor<\/td><\/tr><tr><td>Nat\u00e1lia da Silva Arruda<\/td><td>3409-7466<\/td><td>Colegiado PPGARTES<\/td><\/tr><tr><td>Osger Dem\u00f3stenes Machado<\/td><td>3409-5287<\/td><td>Depto de Artes Pl\u00e1sticas \/Lab. Tridimensionalidade<\/td><\/tr><tr><td>Patr\u00edcia Cristiane de Oliveira<\/td><td>3409-5385<\/td><td>Colegiado de Conserva\u00e7\u00e3o e Restaura\u00e7\u00e3o<\/td><\/tr><tr><td>Patr\u00edcia Cerqueira Dias Ara\u00fajo<\/td><td>3409-5253<\/td><td>Biblioteca<\/td><\/tr><tr><td>Renata Santana Carvalho<\/td><td>3409-5375<\/td><td>CECOR\/Secretaria<\/td><\/tr><tr><td>Ricardo Oliveira Fernandes<\/td><td>3409-7465<\/td><td>Se\u00e7\u00e3o de Contabilidade<\/td><\/tr><tr><td>Rodrigo Roi\u00ea Bicalho Bahia<\/td><td>3409-5254<\/td><td>Biblioteca<\/td><\/tr><tr><td>Ronaldo Lacerda Franco<\/td><td>3409-5272<\/td><td>Se\u00e7\u00e3o de Log\u00edstica Operacional<\/td><\/tr><tr><td>Rosane F\u00e1varo M\u00e9des<\/td><td>3409-5263<\/td><td>Secretaria Geral<\/td><\/tr><tr><td>Ros\u00e2ngela Sales F\u00e9lix Bissiate<\/td><td>3409-5272<\/td><td>Se\u00e7\u00e3o de Log\u00edstica Operacional<\/td><\/tr><tr><td>Rosiane Aparecida Soares<\/td><td>3409-5268<\/td><td>Setor de Compras<\/td><\/tr><tr><td>Sandro de Freitas Benigno<\/td><td>3409-5299<\/td><td>Depto de Fotografia e Cinema<\/td><\/tr><tr><td>S\u00e1vio Vieira Rocha<\/td><td>3409-3721<\/td><td>Deptp de Artes C\u00eanicas<\/td><\/tr><tr><td>Selma Otilia Gon\u00e7alves da Rocha<\/td><td>3409-5378<\/td><td>Cecor \/ Lacicor<\/td><\/tr><tr><td>Tatiana Campolina Ramos<\/td><td>3409-5268<\/td><td>Se\u00e7\u00e3o de Apoio Administrativo<\/td><\/tr><tr><td>Thiago Vetromille Ribeiro Gomes<\/td><td>3409-5281<\/td><td>Comunica\u00e7\u00e3o<\/td><\/tr><tr><td>Vanessa Saldanha de Castro<\/td><td>3409-5299<\/td><td>Depto de Fotografia e Cinema<\/td><\/tr><tr><td>Waldislene Zinatelle Alvarenga Silva<\/td><td>3409-5297<\/td><td>Secretaria do Departamento de Fotografia, Teatro e cinema<\/td><\/tr><\/tbody><\/table><\/figure>\n","protected":false},"excerpt":{"rendered":"<p>SERVIDORES TELEFONES SETORES \u00c1dila de Oliveira 3409-7465 Se\u00e7\u00e3o de Contabilidade Aline Fernandes Oliveira 3409-5270 Secretaria Geral Anderson Moraes Abreu 3409-5254 Biblioteca Arnaldo Tadeu da Silva 3409-5556 Superintend\u00eancia Administrativa Carlos Ant\u00f4nio de Souza Perini 3409-5266 Setor de Tecnologia da Informa\u00e7\u00e3o Carolina<\/p>\n","protected":false},"author":1,"featured_media":0,"parent":0,"menu_order":0,"comment_status":"closed","ping_status":"closed","template":"","meta":{"_eb_attr":"","footnotes":""},"class_list":["post-95","page","type-page","status-publish","hentry"],"_links":{"self":[{"href":"https:\/\/www.eba.ufmg.br\/index.php\/wp-json\/wp\/v2\/pages\/95","targetHints":{"allow":["GET"]}}],"collection":[{"href":"https:\/\/www.eba.ufmg.br\/index.php\/wp-json\/wp\/v2\/pages"}],"about":[{"href":"https:\/\/www.eba.ufmg.br\/index.php\/wp-json\/wp\/v2\/types\/page"}],"author":[{"embeddable":true,"href":"https:\/\/www.eba.ufmg.br\/index.php\/wp-json\/wp\/v2\/users\/1"}],"replies":[{"embeddable":true,"href":"https:\/\/www.eba.ufmg.br\/index.php\/wp-json\/wp\/v2\/comments?post=95"}],"version-history":[{"count":9,"href":"https:\/\/www.eba.ufmg.br\/index.php\/wp-json\/wp\/v2\/pages\/95\/revisions"}],"predecessor-version":[{"id":9444,"href":"https:\/\/www.eba.ufmg.br\/index.php\/wp-json\/wp\/v2\/pages\/95\/revisions\/9444"}],"wp:attachment":[{"href":"https:\/\/www.eba.ufmg.br\/index.php\/wp-json\/wp\/v2\/media?parent=95"}],"curies":[{"name":"wp","href":"https:\/\/api.w.org\/{rel}","templated":true}]}}