{"id":7,"date":"2017-03-24T13:28:27","date_gmt":"2017-03-24T16:28:27","guid":{"rendered":"http:\/\/eba.ufmg.br\/nossa-escola\/?page_id=7"},"modified":"2026-02-02T09:09:43","modified_gmt":"2026-02-02T12:09:43","slug":"contato","status":"publish","type":"page","link":"https:\/\/www.eba.ufmg.br\/index.php\/contato\/","title":{"rendered":"Contato"},"content":{"rendered":"\n<figure class=\"wp-block-table\"><table class=\"has-fixed-layout\"><tbody><tr><td><strong>Diretoria EBA&nbsp;<\/strong><\/td><td>3409-5261<\/td><td>&nbsp;dir@eba.ufmg.br<\/td><\/tr><tr><td><strong>Vice-Diretoria<\/strong><\/td><td>3409-5261<\/td><td>vice-dir@eba.ufmg.br<\/td><\/tr><tr><td><strong>Secretaria-Geral<\/strong><\/td><td>3409-5263<\/td><td>secgeral@eba.ufmg.br<\/td><\/tr><tr><td>&nbsp;<\/td><td>&nbsp;<\/td><td>&nbsp;<\/td><\/tr><tr><td class=\"has-text-align-center\" data-align=\"center\" colspan=\"3\">\n<h4><strong>ATELI\u00caS<\/strong><\/h4>\n<\/td><\/tr><tr><td>Ateli\u00ea de Cer\u00e2mica<\/td><td>3409-5292<\/td><td>dapl@eba.ufmg.br<\/td><\/tr><tr><td>Ateli\u00ea de Escultura<\/td><td>3409-5293<\/td><td>dapl@eba.ufmg.br<\/td><\/tr><tr><td>Ateli\u00ea de Gravura<\/td><td>3409-5289<\/td><td>dapl@eba.ufmg.br<\/td><\/tr><tr><td>Ateli\u00ea de Pintura<\/td><td>3409-5282<\/td><td>dapl@eba.ufmg.br<\/td><\/tr><tr><td class=\"has-text-align-center\" data-align=\"center\" colspan=\"3\">\n<h4><strong>BIBLIOTECA<\/strong><\/h4>\n<\/td><\/tr><tr><td>Biblioteca Professor Marcello de Vasconcellos Coelho<\/td><td>3409-5253\/5254<\/td><td>bib@eba.ufmg.br<\/td><\/tr><tr><td class=\"has-text-align-center\" data-align=\"center\" colspan=\"3\">\n<h4><strong>COMUNICA\u00c7\u00c3O<\/strong><\/h4>\n<\/td><\/tr><tr><td>Setor de Comunica\u00e7\u00e3o<\/td><td>3409-5281<\/td><td>comunica@eba.ufmg.br<\/td><\/tr><tr><td class=\"has-text-align-center\" data-align=\"center\" colspan=\"3\">\n<h4><strong>CENTRO DE EXTENS\u00c3O<\/strong><\/h4>\n<\/td><\/tr><tr><td>Cenex EBA &#8211; Centro de Extens\u00e3o<\/td><td>3409-5256<\/td><td>cenex@eba.ufmg.br<\/td><\/tr><tr><td class=\"has-text-align-center\" data-align=\"center\" colspan=\"3\">\n<h4><strong>N\u00daCLEO DE ASSESSORAMENTO \u00c0 PESQUISA<\/strong><\/h4>\n<\/td><\/tr><tr><td>Napq EBA &#8211; N\u00facleo de Assessoramento \u00e0 Pesquisa<\/td><td>3409-5557<\/td><td>napq@eba.ufmg.br<\/td><\/tr><tr><td class=\"has-text-align-center\" data-align=\"center\" colspan=\"3\">\n<h4><strong>COLEGIADOS DE CURSOS DE GRADUA\u00c7\u00c3O<\/strong><\/h4>\n<\/td><\/tr><tr><td>Colegiado de Artes Visuais<\/td><td>3409-5385<\/td><td>colarte@eba.ufmg.br<\/td><\/tr><tr><td>Colegiado de Cinema de Anima\u00e7\u00e3o e Artes Digitais<\/td><td>3409-5385<\/td><td>caad@eba.ufmg.br<\/td><\/tr><tr><td>Colegiado de Conserva\u00e7\u00e3o e Restaura\u00e7\u00e3o<\/td><td>3409-5385<\/td><td>colconserv@eba.ufmg.br<\/td><\/tr><tr><td>Colegiado de Design de Moda<\/td><td>3409-5385<\/td><td>designdemoda@eba.ufmg.br<\/td><\/tr><tr><td>Colegiado de Teatro<\/td><td>3409-5385<\/td><td>colteatro@eba.ufmg.br<\/td><\/tr><tr><td>Colegiado de Dan\u00e7a<\/td><td>3409-5385<\/td><td>coldanca@eba.ufmg.br<\/td><\/tr><tr><td>Se\u00e7\u00e3o de Ensino<\/td><td>3409-5269<\/td><td>sensino@eba.ufmg.br<\/td><\/tr><tr><td class=\"has-text-align-center\" data-align=\"center\" colspan=\"3\">\n<h4><strong>P\u00d3S-GRADUA\u00c7\u00c3O<\/strong><\/h4>\n<\/td><\/tr><tr><td>Colegiado de P\u00f3s-Gradua\u00e7\u00e3o em Artes<\/td><td>3409-7466<\/td><td>ppgartes-administrativo@eba.ufmg.br<\/td><\/tr><tr><td>Colegiado do Programa do Mestrado Profissional em Artes (Prof-Artes)<\/td><td>3409-5260<\/td><td>profartes@eba.ufmg.br<\/td><\/tr><tr><td>CEEAV &#8211; Secretaria do Curso de Especializa\u00e7\u00e3o em Ensino de Artes Visuais &#8211; Modalidade a Dist\u00e2ncia<\/td><td>3409-5248<\/td><td>cespea@eba.ufmg.br<\/td><\/tr><tr><td class=\"has-text-align-center\" data-align=\"center\" colspan=\"3\">\n<h4><strong>DEPARTAMENTOS<\/strong><\/h4>\n<\/td><\/tr><tr><td>APL &#8211; Departamento de Artes Pl\u00e1sticas<\/td><td>3409-5287<\/td><td>dapl@eba.ufmg.br<\/td><\/tr><tr><td>ARC &#8211; Departamento de Artes C\u00eanicas<\/td><td>3409-7463<\/td><td>darc@eba.ufmg.br<\/td><\/tr><tr><td>DES &#8211; Departamento de Desenho<\/td><td>3409-5295<\/td><td>ddes@eba.ufmg.br<\/td><\/tr><tr><td>FTC &#8211; Departamento de Fotografia, Teatro e Cinema<\/td><td>3409-5296<\/td><td>dftc@eba.ufmg.br<\/td><\/tr><tr><td class=\"has-text-align-center\" data-align=\"center\" colspan=\"3\">\n<h4><strong>LABORAT\u00d3RIOS<\/strong><\/h4>\n<\/td><\/tr><tr><td>Laborat\u00f3rio de Inform\u00e1tica Geral<\/td><td>&nbsp;<\/td><td>ti@eba.ufmg.br<\/td><\/tr><tr><td>Licenciatura<\/td><td>3409-5284<\/td><td>licenlab@eba.ufmg.br<\/td><\/tr><tr><td>Midiaarte<\/td><td>3409-5280<\/td><td>midiaarte@eba.ufmg.br<\/td><\/tr><tr><td>Figurino<\/td><td>3409-3721<\/td><td>&nbsp;<\/td><\/tr><tr><td>Documenta\u00e7\u00e3o Cient\u00edfica por Imagem<\/td><td>3409-5386<\/td><td>ilab.ufmg@gmail.com<\/td><\/tr><tr><td class=\"has-text-align-center\" data-align=\"center\" colspan=\"3\">\n<h4><strong>CENTRO DE CONSERVA\u00c7\u00c3O E RESTAURA\u00c7\u00c3O<br><\/strong><\/h4>\n<\/td><\/tr><tr><td>Cecor &#8211; Centro de Conserva\u00e7\u00e3o e Restaura\u00e7\u00e3o de Bens Culturais M\u00f3veis<\/td><td>3409-5375<\/td><td>cecor@eba.ufmg.br<\/td><\/tr><tr><td class=\"has-text-align-center\" data-align=\"center\" colspan=\"3\">\n<h4><strong>REPRESENTA\u00c7\u00c3O ESTUDANTIL<\/strong><\/h4>\n<\/td><\/tr><tr><td>Diret\u00f3rio Acad\u00eamico EBA<\/td><td>3409-5265<\/td><td>da.eba.ufmg@gmail.com<\/td><\/tr><tr><td class=\"has-text-align-center\" data-align=\"center\" colspan=\"3\">\n<h4><strong>SETORES ADMINISTRATIVOS<\/strong><\/h4>\n<\/td><\/tr><tr><td>Arquivo&nbsp;Setorial<\/td><td>3409-7488<\/td><td>arquivo@eba.ufmg.br<\/td><\/tr><tr><td>Setor de Almoxarifado e Patrim\u00f4nio<\/td><td>3409-5270 | 3409-7482<\/td><td>salmox@eba.ufmg.br | spatri@eba.ufmg.br<\/td><\/tr><tr><td>Se\u00e7\u00e3o de Contabilidade<\/td><td>3409-7465<\/td><td>scontab@eba.ufmg.br<\/td><\/tr><tr><td>Setor de Compras<\/td><td>3409-5268<\/td><td>scompras@eba.ufmg.br<\/td><\/tr><tr><td>Se\u00e7\u00e3o de Log\u00edstica e Servi\u00e7os Operacionais<\/td><td>3409-5272<\/td><td>slop@eba.ufmg.br<\/td><\/tr><tr><td>Se\u00e7\u00e3o de Pessoal<\/td><td>3409-5271<\/td><td>spessoal@eba.ufmg.br<\/td><\/tr><tr><td>Superintend\u00eancia Administrativa<\/td><td>3409-5556<\/td><td>superintendencia@eba.ufmg.br<\/td><\/tr><tr><td>Setor de Tecnologia da Informa\u00e7\u00e3o<\/td><td>3409-5266<\/td><td>ti@eba.ufmg.br<\/td><\/tr><tr><td>&nbsp;<\/td><td>&nbsp;<\/td><td>&nbsp;<\/td><\/tr><tr><td class=\"has-text-align-center\" data-align=\"center\" colspan=\"3\">\n<h4><strong>PORTARIAS<\/strong><\/h4>\n<\/td><\/tr><tr><td>Portaria Principal &#8211; Bloco A<\/td><td>3409-5267<\/td><td>&nbsp;<\/td><\/tr><tr><td>Portaria Bloco F<\/td><td>3409-4989<\/td><td><\/td><\/tr><tr><td>Portaria Anexo II &#8211; Bloco G<br>(Gravura e Moda)<\/td><td>3409-4998<\/td><td>&nbsp;<\/td><\/tr><tr><td>Portaria Bloco H (Teatro)<\/td><td>3409-5277<\/td><td><\/td><\/tr><tr><td class=\"has-text-align-center\" data-align=\"center\" colspan=\"3\">\n<h4><strong>SETORES TERCEIRIZADOS<\/strong><\/h4>\n<\/td><\/tr><tr><td>Cantina<\/td><td>3409-5255<\/td><td>&nbsp;<\/td><\/tr><tr><td>Galeart &#8211; Loja do Vav\u00e1<\/td><td>3409-6362<\/td><td>&nbsp;<\/td><\/tr><\/tbody><\/table><\/figure>\n","protected":false},"excerpt":{"rendered":"<p>Diretoria EBA&nbsp; 3409-5261 &nbsp;dir@eba.ufmg.br Vice-Diretoria 3409-5261 vice-dir@eba.ufmg.br Secretaria-Geral 3409-5263 secgeral@eba.ufmg.br &nbsp; &nbsp; &nbsp; ATELI\u00caS Ateli\u00ea de Cer\u00e2mica 3409-5292 dapl@eba.ufmg.br Ateli\u00ea de Escultura 3409-5293 dapl@eba.ufmg.br Ateli\u00ea de Gravura 3409-5289 dapl@eba.ufmg.br Ateli\u00ea de Pintura 3409-5282 dapl@eba.ufmg.br BIBLIOTECA Biblioteca Professor Marcello de Vasconcellos<\/p>\n","protected":false},"author":1,"featured_media":0,"parent":0,"menu_order":0,"comment_status":"closed","ping_status":"closed","template":"","meta":{"_eb_attr":"","footnotes":""},"class_list":["post-7","page","type-page","status-publish","hentry"],"_links":{"self":[{"href":"https:\/\/www.eba.ufmg.br\/index.php\/wp-json\/wp\/v2\/pages\/7","targetHints":{"allow":["GET"]}}],"collection":[{"href":"https:\/\/www.eba.ufmg.br\/index.php\/wp-json\/wp\/v2\/pages"}],"about":[{"href":"https:\/\/www.eba.ufmg.br\/index.php\/wp-json\/wp\/v2\/types\/page"}],"author":[{"embeddable":true,"href":"https:\/\/www.eba.ufmg.br\/index.php\/wp-json\/wp\/v2\/users\/1"}],"replies":[{"embeddable":true,"href":"https:\/\/www.eba.ufmg.br\/index.php\/wp-json\/wp\/v2\/comments?post=7"}],"version-history":[{"count":38,"href":"https:\/\/www.eba.ufmg.br\/index.php\/wp-json\/wp\/v2\/pages\/7\/revisions"}],"predecessor-version":[{"id":9434,"href":"https:\/\/www.eba.ufmg.br\/index.php\/wp-json\/wp\/v2\/pages\/7\/revisions\/9434"}],"wp:attachment":[{"href":"https:\/\/www.eba.ufmg.br\/index.php\/wp-json\/wp\/v2\/media?parent=7"}],"curies":[{"name":"wp","href":"https:\/\/api.w.org\/{rel}","templated":true}]}}

<figure class="wp-block-table"><table class="has-fixed-layout"><tbody><tr><td><strong>Diretoria EBA&nbsp;</strong></td><td>3409-5261</td><td>&nbsp;dir@eba.ufmg.br</td></tr><tr><td><strong>Vice-Diretoria</strong></td><td>3409-5261</td><td>vice-dir@eba.ufmg.br</td></tr><tr><td><strong>Secretaria-Geral</strong></td><td>3409-5263</td><td>secgeral@eba.ufmg.br</td></tr><tr><td>&nbsp;</td><td>&nbsp;</td><td>&nbsp;</td></tr><tr><td class="has-text-align-center" data-align="center" colspan="3">
<h4><strong>ATELIÊS</strong></h4>
</td></tr><tr><td>Ateliê de Cerâmica</td><td>3409-5292</td><td>dapl@eba.ufmg.br</td></tr><tr><td>Ateliê de Escultura</td><td>3409-5293</td><td>dapl@eba.ufmg.br</td></tr><tr><td>Ateliê de Gravura</td><td>3409-5289</td><td>dapl@eba.ufmg.br</td></tr><tr><td>Ateliê de Pintura</td><td>3409-5282</td><td>dapl@eba.ufmg.br</td></tr><tr><td class="has-text-align-center" data-align="center" colspan="3">
<h4><strong>BIBLIOTECA</strong></h4>
</td></tr><tr><td>Biblioteca Professor Marcello de Vasconcellos Coelho</td><td>3409-5253/5254</td><td>bib@eba.ufmg.br</td></tr><tr><td class="has-text-align-center" data-align="center" colspan="3">
<h4><strong>COMUNICAÇÃO</strong></h4>
</td></tr><tr><td>Setor de Comunicação</td><td>3409-5281</td><td>comunica@eba.ufmg.br</td></tr><tr><td class="has-text-align-center" data-align="center" colspan="3">
<h4><strong>CENTRO DE EXTENSÃO</strong></h4>
</td></tr><tr><td>Cenex EBA &#8211; Centro de Extensão</td><td>3409-5256</td><td>cenex@eba.ufmg.br</td></tr><tr><td class="has-text-align-center" data-align="center" colspan="3">
<h4><strong>NÚCLEO DE ASSESSORAMENTO À PESQUISA</strong></h4>
</td></tr><tr><td>Napq EBA &#8211; Núcleo de Assessoramento à Pesquisa</td><td>3409-5557</td><td>napq@eba.ufmg.br</td></tr><tr><td class="has-text-align-center" data-align="center" colspan="3">
<h4><strong>COLEGIADOS DE CURSOS DE GRADUAÇÃO</strong></h4>
</td></tr><tr><td>Colegiado de Artes Visuais</td><td>3409-5385</td><td>colarte@eba.ufmg.br</td></tr><tr><td>Colegiado de Cinema de Animação e Artes Digitais</td><td>3409-5385</td><td>caad@eba.ufmg.br</td></tr><tr><td>Colegiado de Conservação e Restauração</td><td>3409-5385</td><td>colconserv@eba.ufmg.br</td></tr><tr><td>Colegiado de Design de Moda</td><td>3409-5385</td><td>designdemoda@eba.ufmg.br</td></tr><tr><td>Colegiado de Teatro</td><td>3409-5385</td><td>colteatro@eba.ufmg.br</td></tr><tr><td>Colegiado de Dança</td><td>3409-5385</td><td>coldanca@eba.ufmg.br</td></tr><tr><td>Seção de Ensino</td><td>3409-5269</td><td>sensino@eba.ufmg.br</td></tr><tr><td class="has-text-align-center" data-align="center" colspan="3">
<h4><strong>PÓS-GRADUAÇÃO</strong></h4>
</td></tr><tr><td>Colegiado de Pós-Graduação em Artes</td><td>3409-7466</td><td>ppgartes-administrativo@eba.ufmg.br</td></tr><tr><td>Colegiado do Programa do Mestrado Profissional em Artes (Prof-Artes)</td><td>3409-5260</td><td>profartes@eba.ufmg.br</td></tr><tr><td>CEEAV &#8211; Secretaria do Curso de Especialização em Ensino de Artes Visuais &#8211; Modalidade a Distância</td><td>3409-5248</td><td>cespea@eba.ufmg.br</td></tr><tr><td class="has-text-align-center" data-align="center" colspan="3">
<h4><strong>DEPARTAMENTOS</strong></h4>
</td></tr><tr><td>APL &#8211; Departamento de Artes Plásticas</td><td>3409-5287</td><td>dapl@eba.ufmg.br</td></tr><tr><td>ARC &#8211; Departamento de Artes Cênicas</td><td>3409-7463</td><td>darc@eba.ufmg.br</td></tr><tr><td>DES &#8211; Departamento de Desenho</td><td>3409-5295</td><td>ddes@eba.ufmg.br</td></tr><tr><td>FTC &#8211; Departamento de Fotografia, Teatro e Cinema</td><td>3409-5296</td><td>dftc@eba.ufmg.br</td></tr><tr><td class="has-text-align-center" data-align="center" colspan="3">
<h4><strong>LABORATÓRIOS</strong></h4>
</td></tr><tr><td>Laboratório de Informática Geral</td><td>&nbsp;</td><td>ti@eba.ufmg.br</td></tr><tr><td>Licenciatura</td><td>3409-5284</td><td>licenlab@eba.ufmg.br</td></tr><tr><td>Midiaarte</td><td>3409-5280</td><td>midiaarte@eba.ufmg.br</td></tr><tr><td>Figurino</td><td>3409-3721</td><td>&nbsp;</td></tr><tr><td>Documentação Científica por Imagem</td><td>3409-5386</td><td>ilab.ufmg@gmail.com</td></tr><tr><td class="has-text-align-center" data-align="center" colspan="3">
<h4><strong>CENTRO DE CONSERVAÇÃO E RESTAURAÇÃO<br></strong></h4>
</td></tr><tr><td>Cecor &#8211; Centro de Conservação e Restauração de Bens Culturais Móveis</td><td>3409-5375</td><td>cecor@eba.ufmg.br</td></tr><tr><td class="has-text-align-center" data-align="center" colspan="3">
<h4><strong>REPRESENTAÇÃO ESTUDANTIL</strong></h4>
</td></tr><tr><td>Diretório Acadêmico EBA</td><td>3409-5265</td><td>da.eba.ufmg@gmail.com</td></tr><tr><td class="has-text-align-center" data-align="center" colspan="3">
<h4><strong>SETORES ADMINISTRATIVOS</strong></h4>
</td></tr><tr><td>Arquivo&nbsp;Setorial</td><td>3409-7488</td><td>arquivo@eba.ufmg.br</td></tr><tr><td>Setor de Almoxarifado e Patrimônio</td><td>3409-5270 | 3409-7482</td><td>salmox@eba.ufmg.br | spatri@eba.ufmg.br</td></tr><tr><td>Seção de Contabilidade</td><td>3409-7465</td><td>scontab@eba.ufmg.br</td></tr><tr><td>Setor de Compras</td><td>3409-5268</td><td>scompras@eba.ufmg.br</td></tr><tr><td>Seção de Logística e Serviços Operacionais</td><td>3409-5272</td><td>slop@eba.ufmg.br</td></tr><tr><td>Seção de Pessoal</td><td>3409-5271</td><td>spessoal@eba.ufmg.br</td></tr><tr><td>Superintendência Administrativa</td><td>3409-5556</td><td>superintendencia@eba.ufmg.br</td></tr><tr><td>Setor de Tecnologia da Informação</td><td>3409-5266</td><td>ti@eba.ufmg.br</td></tr><tr><td>&nbsp;</td><td>&nbsp;</td><td>&nbsp;</td></tr><tr><td class="has-text-align-center" data-align="center" colspan="3">
<h4><strong>PORTARIAS</strong></h4>
</td></tr><tr><td>Portaria Principal &#8211; Bloco A</td><td>3409-5267</td><td>&nbsp;</td></tr><tr><td>Portaria Bloco F</td><td>3409-4989</td><td></td></tr><tr><td>Portaria Anexo II &#8211; Bloco G<br>(Gravura e Moda)</td><td>3409-4998</td><td>&nbsp;</td></tr><tr><td>Portaria Bloco H (Teatro)</td><td>3409-5277</td><td></td></tr><tr><td class="has-text-align-center" data-align="center" colspan="3">
<h4><strong>SETORES TERCEIRIZADOS</strong></h4>
</td></tr><tr><td>Cantina</td><td>3409-5255</td><td>&nbsp;</td></tr><tr><td>Galeart &#8211; Loja do Vavá</td><td>3409-6362</td><td>&nbsp;</td></tr></tbody></table></figure>

<p>Diretoria EBA&nbsp; 3409-5261 &nbsp;dir@eba.ufmg.br Vice-Diretoria 3409-5261 vice-dir@eba.ufmg.br Secretaria-Geral 3409-5263 secgeral@eba.ufmg.br &nbsp; &nbsp; &nbsp; ATELIÊS Ateliê de Cerâmica 3409-5292 dapl@eba.ufmg.br Ateliê de Escultura 3409-5293 dapl@eba.ufmg.br Ateliê de Gravura 3409-5289 dapl@eba.ufmg.br Ateliê de Pintura 3409-5282 dapl@eba.ufmg.br BIBLIOTECA Biblioteca Professor Marcello de Vasconcellos</p>
