{"id":677,"date":"2017-04-04T15:59:26","date_gmt":"2017-04-04T18:59:26","guid":{"rendered":"http:\/\/eba.ufmg.br\/nossa-escola\/?page_id=677"},"modified":"2022-09-29T15:11:19","modified_gmt":"2022-09-29T18:11:19","slug":"publicacoes","status":"publish","type":"page","link":"https:\/\/www.eba.ufmg.br\/index.php\/publicacoes\/","title":{"rendered":"Publica\u00e7\u00f5es da P\u00f3s"},"content":{"rendered":"<p style=\"text-align: justify;\">O <span style=\"color: #0000ff;\"><strong>Programa de P\u00f3s Gradua\u00e7\u00e3o em Artes da UFMG<\/strong><\/span> abriga duas revistas de divulga\u00e7\u00e3o acad\u00eamica. Clique sobre os nomes das revistas para visitar suas p\u00e1ginas:<\/p>\n<p><a href=\"https:\/\/periodicos.ufmg.br\/index.php\/revistapos\"><img loading=\"lazy\" decoding=\"async\" class=\"size-medium wp-image-840 aligncenter\" src=\"http:\/\/eba.ufmg.br\/\/wp-content\/uploads\/2017\/04\/logo_revista_pos-300x95.png\" alt=\"\" width=\"300\" height=\"95\" \/><\/a><\/p>\n<p><a href=\"https:\/\/www.eba.ufmg.br\/lamparina\/index.php\/revista\"><img loading=\"lazy\" decoding=\"async\" class=\"size-medium wp-image-841 aligncenter\" src=\"http:\/\/eba.ufmg.br\/\/wp-content\/uploads\/2017\/04\/logo_revista_amparina-300x122.png\" alt=\"\" width=\"300\" height=\"122\" \/><\/a><\/p>\n","protected":false},"excerpt":{"rendered":"<p>O Programa de P\u00f3s Gradua\u00e7\u00e3o em Artes da UFMG abriga duas revistas de divulga\u00e7\u00e3o acad\u00eamica. Clique sobre os nomes das revistas para visitar suas p\u00e1ginas:<\/p>\n","protected":false},"author":1,"featured_media":0,"parent":0,"menu_order":0,"comment_status":"closed","ping_status":"closed","template":"","meta":{"_eb_attr":"","footnotes":""},"class_list":["post-677","page","type-page","status-publish","hentry"],"_links":{"self":[{"href":"https:\/\/www.eba.ufmg.br\/index.php\/wp-json\/wp\/v2\/pages\/677","targetHints":{"allow":["GET"]}}],"collection":[{"href":"https:\/\/www.eba.ufmg.br\/index.php\/wp-json\/wp\/v2\/pages"}],"about":[{"href":"https:\/\/www.eba.ufmg.br\/index.php\/wp-json\/wp\/v2\/types\/page"}],"author":[{"embeddable":true,"href":"https:\/\/www.eba.ufmg.br\/index.php\/wp-json\/wp\/v2\/users\/1"}],"replies":[{"embeddable":true,"href":"https:\/\/www.eba.ufmg.br\/index.php\/wp-json\/wp\/v2\/comments?post=677"}],"version-history":[{"count":9,"href":"https:\/\/www.eba.ufmg.br\/index.php\/wp-json\/wp\/v2\/pages\/677\/revisions"}],"predecessor-version":[{"id":5051,"href":"https:\/\/www.eba.ufmg.br\/index.php\/wp-json\/wp\/v2\/pages\/677\/revisions\/5051"}],"wp:attachment":[{"href":"https:\/\/www.eba.ufmg.br\/index.php\/wp-json\/wp\/v2\/media?parent=677"}],"curies":[{"name":"wp","href":"https:\/\/api.w.org\/{rel}","templated":true}]}}