{"id":5566,"date":"2023-03-31T08:25:40","date_gmt":"2023-03-31T11:25:40","guid":{"rendered":"https:\/\/www.eba.ufmg.br\/?page_id=5566"},"modified":"2023-03-31T08:25:40","modified_gmt":"2023-03-31T11:25:40","slug":"grassar-acoes-continuadas-em-artes","status":"publish","type":"page","link":"https:\/\/www.eba.ufmg.br\/index.php\/grassar-acoes-continuadas-em-artes\/","title":{"rendered":"Grassar: a\u00e7\u00f5es continuadas em artes"},"content":{"rendered":"<p><span style=\"font-family: Times New Roman; font-size: medium;\">O grupo prop\u00f5e uma din\u00e2mica de interc\u00e2mbio, norteada pela inst\u00e2ncia experimental da arte, em um exerc\u00edcio de pesquisa que atravessa diversas modalidades de conhecimento. As trocas art\u00edsticas e institucionais s\u00e3o condutoras dos processos criativos e das pesquisas pessoais dos membros do grupo, em aproxima\u00e7\u00f5es e deriva\u00e7\u00f5es capazes de multiplicar os encontros. A metodologia de trabalho ap\u00f3ia-se na perspectiva de um ateli\u00ea aberto, com a\u00e7\u00f5es investigativas propiciando a insurg\u00eancia de processos art\u00edsticos. Buscamos constituir um espa\u00e7o de intera\u00e7\u00f5es processuais, constatando e construindo tang\u00eancias e di\u00e1logos a partir do envolvimento do grupo com a universidade e outras institui\u00e7\u00f5es, na concep\u00e7\u00e3o de corpos de trabalhos a serem compartilhados com o p\u00fablico, em exposi\u00e7\u00f5es e publica\u00e7\u00f5es diversas.<\/p>\n<p><\/span><span style=\"font-family: Times New Roman; font-size: medium;\">Coordenadores: Maria Elisa Mendes Miranda e <\/span><span style=\"font-family: Times New Roman; font-size: medium;\">Rodrigo Borges Coelho <\/span><\/p>\n","protected":false},"excerpt":{"rendered":"<p>O grupo prop\u00f5e uma din\u00e2mica de interc\u00e2mbio, norteada pela inst\u00e2ncia experimental da arte, em um exerc\u00edcio de pesquisa que atravessa diversas modalidades de conhecimento. As trocas art\u00edsticas e institucionais s\u00e3o condutoras dos processos criativos e das pesquisas pessoais dos membros<\/p>\n","protected":false},"author":5,"featured_media":0,"parent":0,"menu_order":0,"comment_status":"closed","ping_status":"closed","template":"","meta":{"_eb_attr":"","footnotes":""},"class_list":["post-5566","page","type-page","status-publish","hentry"],"_links":{"self":[{"href":"https:\/\/www.eba.ufmg.br\/index.php\/wp-json\/wp\/v2\/pages\/5566","targetHints":{"allow":["GET"]}}],"collection":[{"href":"https:\/\/www.eba.ufmg.br\/index.php\/wp-json\/wp\/v2\/pages"}],"about":[{"href":"https:\/\/www.eba.ufmg.br\/index.php\/wp-json\/wp\/v2\/types\/page"}],"author":[{"embeddable":true,"href":"https:\/\/www.eba.ufmg.br\/index.php\/wp-json\/wp\/v2\/users\/5"}],"replies":[{"embeddable":true,"href":"https:\/\/www.eba.ufmg.br\/index.php\/wp-json\/wp\/v2\/comments?post=5566"}],"version-history":[{"count":1,"href":"https:\/\/www.eba.ufmg.br\/index.php\/wp-json\/wp\/v2\/pages\/5566\/revisions"}],"predecessor-version":[{"id":5567,"href":"https:\/\/www.eba.ufmg.br\/index.php\/wp-json\/wp\/v2\/pages\/5566\/revisions\/5567"}],"wp:attachment":[{"href":"https:\/\/www.eba.ufmg.br\/index.php\/wp-json\/wp\/v2\/media?parent=5566"}],"curies":[{"name":"wp","href":"https:\/\/api.w.org\/{rel}","templated":true}]}}