{"id":496,"date":"2017-03-28T16:22:56","date_gmt":"2017-03-28T19:22:56","guid":{"rendered":"http:\/\/eba.ufmg.br\/nossa-escola\/?page_id=496"},"modified":"2024-11-28T13:51:31","modified_gmt":"2024-11-28T16:51:31","slug":"professores-cecor","status":"publish","type":"page","link":"https:\/\/www.eba.ufmg.br\/index.php\/professores-cecor\/","title":{"rendered":"Professores CECOR"},"content":{"rendered":"<table width=\"708\">\n<tbody>\n<tr>\n<td width=\"285\"><span style=\"color: #0000ff;\"><strong>DOCENTES<\/strong><\/span><\/td>\n<td width=\"138\"><span style=\"color: #0000ff;\"><strong>TELEFONES<\/strong><\/span><\/td>\n<td width=\"285\"><span style=\"color: #0000ff;\"><strong>DEPARTAMENTOS<\/strong><\/span><\/td>\n<\/tr>\n<tr>\n<td width=\"285\">Alessandra Rosado<\/td>\n<td width=\"138\">3409-5379<\/td>\n<td width=\"285\">Depto. de Artes Pl\u00e1sticas &#8211; APL<\/td>\n<\/tr>\n<tr>\n<td width=\"285\">Alexandre Cruz Le\u00e3o<\/td>\n<td width=\"138\">3409-5386<\/td>\n<td width=\"285\">Depto. de Fotografia e Cinema &#8211; FTC<\/td>\n<\/tr>\n<tr>\n<td width=\"285\">Alexandre Ragazzi<\/td>\n<td width=\"138\">3492-5287<\/td>\n<td width=\"285\">Depto. de Artes Pl\u00e1sticas &#8211; APL<\/td>\n<\/tr>\n<tr>\n<td width=\"285\">Ana Carina Utsch Terra<\/td>\n<td width=\"138\">3492-5287<\/td>\n<td width=\"285\">Depto. de Artes Pl\u00e1sticas &#8211; APL<\/td>\n<\/tr>\n<tr>\n<td width=\"285\">Anamaria Ruegger Almeida Neves<\/td>\n<td width=\"138\">3409-5375<\/td>\n<td width=\"285\">Depto. de Artes Pl\u00e1sticas &#8211; APL<\/td>\n<\/tr>\n<tr>\n<td width=\"285\">Bethania Reis Veloso<\/td>\n<td width=\"138\">3409-5376<\/td>\n<td width=\"285\">Depto. de Artes Pl\u00e1sticas &#8211; APL<\/td>\n<\/tr>\n<tr>\n<td width=\"285\">Eliana Ribeiro Ambr\u00f3sio<\/td>\n<td width=\"138\">3409-5379<\/td>\n<td width=\"285\">Depto. de Artes Pl\u00e1sticas &#8211; APL<\/td>\n<\/tr>\n<tr>\n<td width=\"285\">Jo\u00e3o Cura D&#8217;Ars Figueiredo Junior<\/td>\n<td width=\"138\">3409-5287<\/td>\n<td width=\"285\">Depto. de Artes Pl\u00e1sticas &#8211; APL<\/td>\n<\/tr>\n<tr>\n<td width=\"285\">Jussara Vit\u00f3ria de Freitas<\/td>\n<td width=\"138\">3409-5375<\/td>\n<td width=\"285\">Depto. de Artes Pl\u00e1sticas &#8211; APL<\/td>\n<\/tr>\n<tr>\n<td width=\"285\">Lucianna Bonadio<\/td>\n<td width=\"138\">3409-5287<\/td>\n<td width=\"285\">Depto. de Artes Pl\u00e1sticas &#8211; APL<\/td>\n<\/tr>\n<tr>\n<td width=\"285\">Lucienne Maria de Almeida Elias<\/td>\n<td width=\"138\">3409-5287<\/td>\n<td width=\"285\">Depto. de Artes Pl\u00e1sticas &#8211; APL<\/td>\n<\/tr>\n<tr>\n<td width=\"285\">Luiz Ant\u00f4nio Cruz Souza<\/td>\n<td width=\"138\">3409-5374<\/td>\n<td width=\"285\">Depto. de Artes Pl\u00e1sticas &#8211; APL<\/td>\n<\/tr>\n<tr>\n<td width=\"285\">Magali Melleu Sehn<\/td>\n<td width=\"138\">3409-5287<\/td>\n<td width=\"285\">Depto. de Artes Pl\u00e1sticas &#8211; APL<\/td>\n<\/tr>\n<tr>\n<td width=\"285\">M\u00e1rcia Almada<\/td>\n<td width=\"138\">3409-5287<\/td>\n<td width=\"285\">Depto. de Artes Pl\u00e1sticas &#8211; APL<\/td>\n<\/tr>\n<tr>\n<td width=\"285\">Maria Alice Hon\u00f3rio Castello Branco<\/td>\n<td width=\"138\">3409-5287<\/td>\n<td width=\"285\">Depto. de Artes Pl\u00e1sticas &#8211; APL<\/td>\n<\/tr>\n<tr>\n<td width=\"285\">Maria Regina Emery Quite<\/td>\n<td width=\"138\">3409-5379<\/td>\n<td width=\"285\">Depto. de Artes Pl\u00e1sticas &#8211; APL<\/td>\n<\/tr>\n<tr>\n<td width=\"285\">Marilene Corr\u00eaa Maia<\/td>\n<td width=\"138\">3409-5379<\/td>\n<td width=\"285\">Depto. de Desenho &#8211; DES<\/td>\n<\/tr>\n<tr>\n<td width=\"285\">Rita Lages Rodrigues<\/td>\n<td width=\"138\">3409-5287<\/td>\n<td width=\"285\">Depto. de Artes Pl\u00e1sticas &#8211; APL<\/td>\n<\/tr>\n<tr>\n<td width=\"285\">Rodrigo Vivas Andrade<\/td>\n<td width=\"138\">3409-5287<\/td>\n<td width=\"285\">Depto. de Artes Pl\u00e1sticas &#8211; APL<\/td>\n<\/tr>\n<tr>\n<td width=\"285\">Verona Campos Segantini<\/td>\n<td width=\"138\">3409-5287<\/td>\n<td width=\"285\">Depto. de Artes Pl\u00e1sticas &#8211; APL<\/td>\n<\/tr>\n<tr>\n<td width=\"285\">Willi de Barros Gon\u00e7alves<\/td>\n<td width=\"138\">3409-5386<\/td>\n<td width=\"285\">Depto. de Artes Pl\u00e1sticas &#8211; APL<\/td>\n<\/tr>\n<tr>\n<td width=\"285\">Yacy-ara Froner<\/td>\n<td width=\"138\">3409-5287<\/td>\n<td width=\"285\">Depto. de Artes Pl\u00e1sticas &#8211; APL<\/td>\n<\/tr>\n<\/tbody>\n<\/table>\n","protected":false},"excerpt":{"rendered":"<p>DOCENTES TELEFONES DEPARTAMENTOS Alessandra Rosado 3409-5379 Depto. de Artes Pl\u00e1sticas &#8211; APL Alexandre Cruz Le\u00e3o 3409-5386 Depto. de Fotografia e Cinema &#8211; FTC Alexandre Ragazzi 3492-5287 Depto. de Artes Pl\u00e1sticas &#8211; APL Ana Carina Utsch Terra 3492-5287 Depto. de Artes<\/p>\n","protected":false},"author":1,"featured_media":0,"parent":0,"menu_order":0,"comment_status":"closed","ping_status":"closed","template":"","meta":{"_eb_attr":"","footnotes":""},"class_list":["post-496","page","type-page","status-publish","hentry"],"_links":{"self":[{"href":"https:\/\/www.eba.ufmg.br\/index.php\/wp-json\/wp\/v2\/pages\/496","targetHints":{"allow":["GET"]}}],"collection":[{"href":"https:\/\/www.eba.ufmg.br\/index.php\/wp-json\/wp\/v2\/pages"}],"about":[{"href":"https:\/\/www.eba.ufmg.br\/index.php\/wp-json\/wp\/v2\/types\/page"}],"author":[{"embeddable":true,"href":"https:\/\/www.eba.ufmg.br\/index.php\/wp-json\/wp\/v2\/users\/1"}],"replies":[{"embeddable":true,"href":"https:\/\/www.eba.ufmg.br\/index.php\/wp-json\/wp\/v2\/comments?post=496"}],"version-history":[{"count":6,"href":"https:\/\/www.eba.ufmg.br\/index.php\/wp-json\/wp\/v2\/pages\/496\/revisions"}],"predecessor-version":[{"id":7530,"href":"https:\/\/www.eba.ufmg.br\/index.php\/wp-json\/wp\/v2\/pages\/496\/revisions\/7530"}],"wp:attachment":[{"href":"https:\/\/www.eba.ufmg.br\/index.php\/wp-json\/wp\/v2\/media?parent=496"}],"curies":[{"name":"wp","href":"https:\/\/api.w.org\/{rel}","templated":true}]}}