{"id":492,"date":"2017-03-28T16:20:32","date_gmt":"2017-03-28T19:20:32","guid":{"rendered":"http:\/\/eba.ufmg.br\/nossa-escola\/?page_id=492"},"modified":"2017-05-08T08:16:33","modified_gmt":"2017-05-08T11:16:33","slug":"sobre-o-cecor","status":"publish","type":"page","link":"https:\/\/www.eba.ufmg.br\/index.php\/sobre-o-cecor\/","title":{"rendered":"Sobre o CECOR"},"content":{"rendered":"<p style=\"text-align: justify;\">O <span style=\"color: #0000ff;\"><strong>Cecor \u2013 Centro de Conserva\u00e7\u00e3o e Restaura\u00e7\u00e3o de Bens Culturais<\/strong><\/span> \u00e9 um <span style=\"color: #0000ff;\"><strong>\u00f3rg\u00e3o complementar<\/strong><\/span> da <span style=\"color: #ff0000;\"><strong>Escola de Belas Artes da UFMG<\/strong><\/span> constitu\u00eddo para apoiar e desenvolver ensino, extens\u00e3o e pesquisa na \u00e1rea de conserva\u00e7\u00e3o e restaura\u00e7\u00e3o de obras art\u00edsticas e culturais.<\/p>\n<p style=\"text-align: justify;\">Nos ateli\u00eas e laborat\u00f3rios do Cecor in\u00fameros bens do patrim\u00f4nio art\u00edstico e hist\u00f3rico nacional s\u00e3o constantemente conservados e restaurados, por meio de conv\u00eanios institucionais, projetos acad\u00eamicos e presta\u00e7\u00f5es de servi\u00e7os. A atua\u00e7\u00e3o do Cecor enfatiza a recupera\u00e7\u00e3o de documentos, esculturas, fotografias, livros, obras em papel e pinturas; bem como, a conserva\u00e7\u00e3o preventiva, documenta\u00e7\u00e3o e an\u00e1lise t\u00e9cnica de obras de arte e de objetos culturais.<\/p>\n<p style=\"text-align: justify;\">Atualmente, a infraestrutura instalada no Cecor permite viabilizar o <strong>Curso de Gradua\u00e7\u00e3o em Conserva\u00e7\u00e3o e Restaura\u00e7\u00e3o da Escola de Belas Artes da UFMG<\/strong> que, desde a d\u00e9cada de 1980, vem contribuindo para qualificar profissionais de n\u00edvel superior para atuarem na \u00e1rea de conserva\u00e7\u00e3o e restaura\u00e7\u00e3o. Al\u00e9m disso, o Cecor apoia atividades avan\u00e7adas de ensino, extens\u00e3o e pesquisa relacionadas aos cursos de P\u00f3s-Gradua\u00e7\u00e3o, sediados no Programa de P\u00f3s-Gradua\u00e7\u00e3o em Artes da Escola de Belas Artes na linha de pesquisa Conserva\u00e7\u00e3o Preventiva e Tecnologia da Obra de Arte, contemplando os campos da Hist\u00f3ria da Arte T\u00e9cnica e Conserva\u00e7\u00e3o Preventiva de Bens Culturais, Historiografia da Arte e Hist\u00f3ria da Conserva\u00e7\u00e3o.<\/p>\n","protected":false},"excerpt":{"rendered":"<p>O Cecor \u2013 Centro de Conserva\u00e7\u00e3o e Restaura\u00e7\u00e3o de Bens Culturais \u00e9 um \u00f3rg\u00e3o complementar da Escola de Belas Artes da UFMG constitu\u00eddo para apoiar e desenvolver ensino, extens\u00e3o e pesquisa na \u00e1rea de conserva\u00e7\u00e3o e restaura\u00e7\u00e3o de obras art\u00edsticas<\/p>\n","protected":false},"author":1,"featured_media":0,"parent":0,"menu_order":0,"comment_status":"closed","ping_status":"closed","template":"","meta":{"_eb_attr":"","footnotes":""},"class_list":["post-492","page","type-page","status-publish","hentry"],"_links":{"self":[{"href":"https:\/\/www.eba.ufmg.br\/index.php\/wp-json\/wp\/v2\/pages\/492","targetHints":{"allow":["GET"]}}],"collection":[{"href":"https:\/\/www.eba.ufmg.br\/index.php\/wp-json\/wp\/v2\/pages"}],"about":[{"href":"https:\/\/www.eba.ufmg.br\/index.php\/wp-json\/wp\/v2\/types\/page"}],"author":[{"embeddable":true,"href":"https:\/\/www.eba.ufmg.br\/index.php\/wp-json\/wp\/v2\/users\/1"}],"replies":[{"embeddable":true,"href":"https:\/\/www.eba.ufmg.br\/index.php\/wp-json\/wp\/v2\/comments?post=492"}],"version-history":[{"count":7,"href":"https:\/\/www.eba.ufmg.br\/index.php\/wp-json\/wp\/v2\/pages\/492\/revisions"}],"predecessor-version":[{"id":2063,"href":"https:\/\/www.eba.ufmg.br\/index.php\/wp-json\/wp\/v2\/pages\/492\/revisions\/2063"}],"wp:attachment":[{"href":"https:\/\/www.eba.ufmg.br\/index.php\/wp-json\/wp\/v2\/media?parent=492"}],"curies":[{"name":"wp","href":"https:\/\/api.w.org\/{rel}","templated":true}]}}

<p style="text-align: justify;">O <span style="color: #0000ff;"><strong>Cecor – Centro de Conservação e Restauração de Bens Culturais</strong></span> é um <span style="color: #0000ff;"><strong>órgão complementar</strong></span> da <span style="color: #ff0000;"><strong>Escola de Belas Artes da UFMG</strong></span> constituído para apoiar e desenvolver ensino, extensão e pesquisa na área de conservação e restauração de obras artísticas e culturais.</p>
<p style="text-align: justify;">Nos ateliês e laboratórios do Cecor inúmeros bens do patrimônio artístico e histórico nacional são constantemente conservados e restaurados, por meio de convênios institucionais, projetos acadêmicos e prestações de serviços. A atuação do Cecor enfatiza a recuperação de documentos, esculturas, fotografias, livros, obras em papel e pinturas; bem como, a conservação preventiva, documentação e análise técnica de obras de arte e de objetos culturais.</p>
<p style="text-align: justify;">Atualmente, a infraestrutura instalada no Cecor permite viabilizar o <strong>Curso de Graduação em Conservação e Restauração da Escola de Belas Artes da UFMG</strong> que, desde a década de 1980, vem contribuindo para qualificar profissionais de nível superior para atuarem na área de conservação e restauração. Além disso, o Cecor apoia atividades avançadas de ensino, extensão e pesquisa relacionadas aos cursos de Pós-Graduação, sediados no Programa de Pós-Graduação em Artes da Escola de Belas Artes na linha de pesquisa Conservação Preventiva e Tecnologia da Obra de Arte, contemplando os campos da História da Arte Técnica e Conservação Preventiva de Bens Culturais, Historiografia da Arte e História da Conservação.</p>

<p>O Cecor – Centro de Conservação e Restauração de Bens Culturais é um órgão complementar da Escola de Belas Artes da UFMG constituído para apoiar e desenvolver ensino, extensão e pesquisa na área de conservação e restauração de obras artísticas</p>
