{"id":315,"date":"2020-08-27T13:51:25","date_gmt":"2020-08-27T16:51:25","guid":{"rendered":"http:\/\/eba.ufmg.br\/nossa-escola\/?page_id=315"},"modified":"2026-02-12T15:55:47","modified_gmt":"2026-02-12T18:55:47","slug":"editais","status":"publish","type":"page","link":"https:\/\/www.eba.ufmg.br\/index.php\/editais\/","title":{"rendered":"Editais"},"content":{"rendered":"\n<p>1. <a href=\"https:\/\/www.eba.ufmg.br\/index.php\/professor-assistente-classe-a-nivel-1-edital-257-de-09-de-fevereiro-de-2026-departamento-de-artes-cenicas-area-de-conhecimento-licenciatura-em-danca-poeticas-negras-e\/2026\/02\/\">Professor Assistente Classe A n\u00edvel 1 \u2013 Edital 257, de 09 de fevereiro de 2026 \u2013 Departamento de Artes C\u00eanicas \u2013 \u00c1rea de Conhecimento: Licenciatura em Dan\u00e7a: po\u00e9ticas negras e pr\u00e1ticas afirmativas<\/a><\/p>\n\n\n\n<p>2. <a href=\"https:\/\/www.eba.ufmg.br\/index.php\/concurso-publico-para-professor-assistente-nivel-1-departamento-de-artes-plasticas-area-do-conhecimento-conservacao-e-restauracao-de-pintura-e-de-escultura\/2026\/01\/\">Concurso P\u00fablico para Professor assistente, n\u00edvel 1 \u2013 Departamento de Artes Pl\u00e1sticas \u2013 \u00c1rea do conhecimento: Conserva\u00e7\u00e3o e Restaura\u00e7\u00e3o de Pintura e de Escultura<\/a><\/p>\n\n\n\n<p>3. <a href=\"https:\/\/www.eba.ufmg.br\/index.php\/concurso-publico-para-professor-assistente-classe-a-nivel-1-departamento-de-desenho-area-de-conhecimento-tecnologias-digitais-no-desenvolvimento-do-vestuario-em-moda\/2025\/10\/\">Professor Assistente Classe A n\u00edvel 1 \u2013 Departamento de Desenho \u2013 \u00c1rea de Conhecimento: Tecnologias digitais no desenvolvimento do vestu\u00e1rio em moda<\/a><\/p>\n\n\n\n<p>4. <a href=\"https:\/\/www.eba.ufmg.br\/index.php\/professor-assistente-classe-a-nivel-1-edital-2593-de-24-de-setembro-de-2025-departamento-de-fotografia-e-cinema-area-de-conhecimento-arte-e-tecnologia\/2025\/09\/\">Professor Assistente Classe A n\u00edvel 1 \u2013 Edital 2593, de 24 de setembro de 2025 \u2013 Departamento de Fotografia e Cinema&nbsp; \u2013 \u00c1rea de Conhecimento: Arte e Tecnologia<\/a><\/p>\n\n\n\n<p>5. <a href=\"https:\/\/www.eba.ufmg.br\/index.php\/professor-assistente-classe-a-nivel-1-edital-2472-de-15-de-setembro-de-2025-departamento-de-fotografia-e-cinema-area-de-conhecimento-animacao\/2025\/09\/\">Professor Assistente Classe A n\u00edvel 1 \u2013 Edital 2472, de 15 de setembro de 2025 \u2013 Departamento de Fotografia e Cinema&nbsp; \u2013 \u00c1rea de Conhecimento: Anima\u00e7\u00e3o<\/a><\/p>\n\n\n\n<p>6. <a href=\"https:\/\/www.eba.ufmg.br\/index.php\/professor-assistente-classe-a-nivel-1-edital-770-de-21-de-marco-de-2025-departamento-de-desenho-area-de-conhecimento-experimentacao-e-producao-em-design-grafico-cor-for\/2025\/04\/\">Professor Assistente Classe A n\u00edvel 1 \u2013 Edital 770, de 21 de mar\u00e7o de 2025 \u2013 Departamento de Desenho&nbsp; \u2013 \u00c1rea de Conhecimento: Experimenta\u00e7\u00e3o e Produ\u00e7\u00e3o em Design Gr\u00e1fico: cor, forma e composi\u00e7\u00e3o visual e pr\u00e1tica projetual<\/a><\/p>\n\n\n\n<p><\/p>\n\n\n\n<p><\/p>\n\n\n\n<p><\/p>\n\n\n<\/p>","protected":false},"excerpt":{"rendered":"<p>1. Professor Assistente Classe A n\u00edvel 1 \u2013 Edital 257, de 09 de fevereiro de 2026 \u2013 Departamento de Artes C\u00eanicas \u2013 \u00c1rea de Conhecimento: Licenciatura em Dan\u00e7a: po\u00e9ticas negras e pr\u00e1ticas afirmativas 2. Concurso P\u00fablico para Professor assistente, n\u00edvel<\/p>\n","protected":false},"author":1,"featured_media":0,"parent":0,"menu_order":0,"comment_status":"closed","ping_status":"closed","template":"","meta":{"_eb_attr":"","footnotes":""},"class_list":["post-315","page","type-page","status-publish","hentry"],"_links":{"self":[{"href":"https:\/\/www.eba.ufmg.br\/index.php\/wp-json\/wp\/v2\/pages\/315","targetHints":{"allow":["GET"]}}],"collection":[{"href":"https:\/\/www.eba.ufmg.br\/index.php\/wp-json\/wp\/v2\/pages"}],"about":[{"href":"https:\/\/www.eba.ufmg.br\/index.php\/wp-json\/wp\/v2\/types\/page"}],"author":[{"embeddable":true,"href":"https:\/\/www.eba.ufmg.br\/index.php\/wp-json\/wp\/v2\/users\/1"}],"replies":[{"embeddable":true,"href":"https:\/\/www.eba.ufmg.br\/index.php\/wp-json\/wp\/v2\/comments?post=315"}],"version-history":[{"count":48,"href":"https:\/\/www.eba.ufmg.br\/index.php\/wp-json\/wp\/v2\/pages\/315\/revisions"}],"predecessor-version":[{"id":9576,"href":"https:\/\/www.eba.ufmg.br\/index.php\/wp-json\/wp\/v2\/pages\/315\/revisions\/9576"}],"wp:attachment":[{"href":"https:\/\/www.eba.ufmg.br\/index.php\/wp-json\/wp\/v2\/media?parent=315"}],"curies":[{"name":"wp","href":"https:\/\/api.w.org\/{rel}","templated":true}]}}

<p>1. <a href="https://www.eba.ufmg.br/index.php/professor-assistente-classe-a-nivel-1-edital-257-de-09-de-fevereiro-de-2026-departamento-de-artes-cenicas-area-de-conhecimento-licenciatura-em-danca-poeticas-negras-e/2026/02/">Professor Assistente Classe A nível 1 – Edital 257, de 09 de fevereiro de 2026 – Departamento de Artes Cênicas – Área de Conhecimento: Licenciatura em Dança: poéticas negras e práticas afirmativas</a></p>



<p>2. <a href="https://www.eba.ufmg.br/index.php/concurso-publico-para-professor-assistente-nivel-1-departamento-de-artes-plasticas-area-do-conhecimento-conservacao-e-restauracao-de-pintura-e-de-escultura/2026/01/">Concurso Público para Professor assistente, nível 1 – Departamento de Artes Plásticas – Área do conhecimento: Conservação e Restauração de Pintura e de Escultura</a></p>



<p>3. <a href="https://www.eba.ufmg.br/index.php/concurso-publico-para-professor-assistente-classe-a-nivel-1-departamento-de-desenho-area-de-conhecimento-tecnologias-digitais-no-desenvolvimento-do-vestuario-em-moda/2025/10/">Professor Assistente Classe A nível 1 – Departamento de Desenho – Área de Conhecimento: Tecnologias digitais no desenvolvimento do vestuário em moda</a></p>



<p>4. <a href="https://www.eba.ufmg.br/index.php/professor-assistente-classe-a-nivel-1-edital-2593-de-24-de-setembro-de-2025-departamento-de-fotografia-e-cinema-area-de-conhecimento-arte-e-tecnologia/2025/09/">Professor Assistente Classe A nível 1 – Edital 2593, de 24 de setembro de 2025 – Departamento de Fotografia e Cinema&nbsp; – Área de Conhecimento: Arte e Tecnologia</a></p>



<p>5. <a href="https://www.eba.ufmg.br/index.php/professor-assistente-classe-a-nivel-1-edital-2472-de-15-de-setembro-de-2025-departamento-de-fotografia-e-cinema-area-de-conhecimento-animacao/2025/09/">Professor Assistente Classe A nível 1 – Edital 2472, de 15 de setembro de 2025 – Departamento de Fotografia e Cinema&nbsp; – Área de Conhecimento: Animação</a></p>



<p>6. <a href="https://www.eba.ufmg.br/index.php/professor-assistente-classe-a-nivel-1-edital-770-de-21-de-marco-de-2025-departamento-de-desenho-area-de-conhecimento-experimentacao-e-producao-em-design-grafico-cor-for/2025/04/">Professor Assistente Classe A nível 1 – Edital 770, de 21 de março de 2025 – Departamento de Desenho&nbsp; – Área de Conhecimento: Experimentação e Produção em Design Gráfico: cor, forma e composição visual e prática projetual</a></p>



<p></p>



<p></p>



<p></p>


</p>

<p>1. Professor Assistente Classe A nível 1 – Edital 257, de 09 de fevereiro de 2026 – Departamento de Artes Cênicas – Área de Conhecimento: Licenciatura em Dança: poéticas negras e práticas afirmativas 2. Concurso Público para Professor assistente, nível</p>
