{"id":255,"date":"2017-03-27T10:23:21","date_gmt":"2017-03-27T13:23:21","guid":{"rendered":"http:\/\/eba.ufmg.br\/nossa-escola\/?page_id=255"},"modified":"2024-12-27T10:33:13","modified_gmt":"2024-12-27T13:33:13","slug":"laboratorios","status":"publish","type":"page","link":"https:\/\/www.eba.ufmg.br\/index.php\/laboratorios\/","title":{"rendered":"Laborat\u00f3rios"},"content":{"rendered":"\n<p>Laborat\u00f3rio de Inform\u00e1tica da Geral \u2013 LIG<\/p>\n\n\n\n<p><strong>Artes Visuais<\/strong><br><\/p>\n\n\n\n<p>Ateli\u00ea de Arte da Fibra<br>Ateli\u00ea de Artes Gr\u00e1ficas<br>Ateli\u00ea de Cer\u00e2mica<br>Ateli\u00ea de Desenho<br>Ateli\u00ea de Escultura<br>Ateli\u00ea de Gravura<br>Ateli\u00ea de Pintura<br>Laborat\u00f3rio de Artes Gr\u00e1ficas \u2013 GRAFO<\/p>\n\n\n\n<p><strong>Artes Digitais<\/strong><\/p>\n\n\n\n<p>Laborat\u00f3rios de Artes Digitais<br>Laborat\u00f3rio Mem\u00f3ria e Cinema \u2013 LMC<\/p>\n\n\n\n<p><\/p>\n\n\n\n<p><strong>Fotografia<\/strong><\/p>\n\n\n\n<p><br>Laborat\u00f3rio de Fotografia de Alunos<br>Laborat\u00f3rio de Pesquisa<br><a href=\"https:\/\/ilab.eba.ufmg.br\">Laborat\u00f3rio de Documenta\u00e7\u00e3o Cient\u00edfica por Imagem \u2013 iLAB<\/a><br>Laborat\u00f3rio de Documenta\u00e7\u00e3o Fotogr\u00e1fica<br><a href=\"https:\/\/eba.ufmg.br\/estudio\">Est\u00fadio de Fotografia<\/a><\/p>\n\n\n\n<p><strong>Anima\u00e7\u00e3o<\/strong><\/p>\n\n\n\n<p><br>Laborat\u00f3rios de Anima\u00e7\u00e3o 2D<br>Laborat\u00f3rios de Anima\u00e7\u00e3o 3D<\/p>\n\n\n\n<p><strong>Teatro<\/strong><\/p>\n\n\n\n<p><br>Laborat\u00f3rio de Ilumina\u00e7\u00e3o C\u00eanica<\/p>\n\n\n\n<p><strong>Conserva\u00e7\u00e3o Restaura\u00e7\u00e3o<\/strong><\/p>\n\n\n\n<p><br>Laborat\u00f3rio de Ci\u00eancia da Conserva\u00e7\u00e3o \u2013 Lacicor<br>Laborat\u00f3rio de Conserva\u00e7\u00e3o-Restaura\u00e7\u00e3o de Pintura e Escultura \u2013 LAPE<br>Laborat\u00f3rio de Conserva\u00e7\u00e3o e Restaura\u00e7\u00e3o de Pintura \u2013 LAP<br>Laborat\u00f3rio de Conserva\u00e7\u00e3o-Restaura\u00e7\u00e3o de Escultura \u2013 LaboRE<br>Laborat\u00f3rio de Conserva\u00e7\u00e3o-Restaura\u00e7\u00e3o de Documentos Gr\u00e1ficos e F\u00edlmicos \u2013 LaGrafi<br>Laborat\u00f3rio de Arqueometria \u2013 LAPA<\/p>\n\n\n\n<p><\/p>\n","protected":false},"excerpt":{"rendered":"<p>Laborat\u00f3rio de Inform\u00e1tica da Geral \u2013 LIG Artes Visuais Ateli\u00ea de Arte da FibraAteli\u00ea de Artes Gr\u00e1ficasAteli\u00ea de Cer\u00e2micaAteli\u00ea de DesenhoAteli\u00ea de EsculturaAteli\u00ea de GravuraAteli\u00ea de PinturaLaborat\u00f3rio de Artes Gr\u00e1ficas \u2013 GRAFO Artes Digitais Laborat\u00f3rios de Artes DigitaisLaborat\u00f3rio Mem\u00f3ria e<\/p>\n","protected":false},"author":1,"featured_media":0,"parent":0,"menu_order":0,"comment_status":"closed","ping_status":"closed","template":"","meta":{"_eb_attr":"","footnotes":""},"class_list":["post-255","page","type-page","status-publish","hentry"],"_links":{"self":[{"href":"https:\/\/www.eba.ufmg.br\/index.php\/wp-json\/wp\/v2\/pages\/255","targetHints":{"allow":["GET"]}}],"collection":[{"href":"https:\/\/www.eba.ufmg.br\/index.php\/wp-json\/wp\/v2\/pages"}],"about":[{"href":"https:\/\/www.eba.ufmg.br\/index.php\/wp-json\/wp\/v2\/types\/page"}],"author":[{"embeddable":true,"href":"https:\/\/www.eba.ufmg.br\/index.php\/wp-json\/wp\/v2\/users\/1"}],"replies":[{"embeddable":true,"href":"https:\/\/www.eba.ufmg.br\/index.php\/wp-json\/wp\/v2\/comments?post=255"}],"version-history":[{"count":3,"href":"https:\/\/www.eba.ufmg.br\/index.php\/wp-json\/wp\/v2\/pages\/255\/revisions"}],"predecessor-version":[{"id":7746,"href":"https:\/\/www.eba.ufmg.br\/index.php\/wp-json\/wp\/v2\/pages\/255\/revisions\/7746"}],"wp:attachment":[{"href":"https:\/\/www.eba.ufmg.br\/index.php\/wp-json\/wp\/v2\/media?parent=255"}],"curies":[{"name":"wp","href":"https:\/\/api.w.org\/{rel}","templated":true}]}}