{"id":2388,"date":"2019-11-20T14:38:56","date_gmt":"2019-11-20T17:38:56","guid":{"rendered":"http:\/\/eba.ufmg.br\/nossa-escola\/?page_id=2388"},"modified":"2025-01-09T09:33:01","modified_gmt":"2025-01-09T12:33:01","slug":"programas-e-projetos-de-extensao","status":"publish","type":"page","link":"https:\/\/www.eba.ufmg.br\/index.php\/programas-e-projetos-de-extensao\/","title":{"rendered":"Programas de Extens\u00e3o"},"content":{"rendered":"<h6><span style=\"color: #ff0000;\">Conhe\u00e7a mais sobre os programas de Extens\u00e3o da Escola de Belas Artes!<\/span><\/h6>\n<p><a href=\"https:\/\/sistemas.ufmg.br\/siex\/VerIdentificacao.do?id=94732&amp;tipo=Programa\" target=\"_blank\" rel=\"noopener\"><strong>Circula\u00e7\u00e3o<\/strong><\/a><br \/>\nCoordena\u00e7\u00e3o: Prof. Cristiano Gurgel Bickel<\/p>\n<p>O programa de extens\u00e3o Circula\u00e7\u00e3o visa evidenciar a pluralidade e diversidade da produ\u00e7\u00e3o art\u00edstica desenvolvida na Universidade, promovendo a circula\u00e7\u00e3o das a\u00e7\u00f5es art\u00edsticas nas Unidades e demais espa\u00e7os culturais da UFMG, bem como aberta ao p\u00fablico externo. A ideia de circula\u00e7\u00e3o est\u00e1 relacionada \u00e0 aproxima\u00e7\u00e3o das pessoas \u00e0s a\u00e7\u00f5es art\u00edsticas, oportunizando o encontro das cria\u00e7\u00f5es art\u00edsticas com o p\u00fablico. Assim, o programa intenciona fortalecer os aspectos extensionistas da recep\u00e7\u00e3o e da produ\u00e7\u00e3o art\u00edstica e cultural.<\/p>\n<p><a href=\"https:\/\/sistemas.ufmg.br\/siex\/VerIdentificacao.do?id=94732&amp;tipo=Programa\" target=\"_blank\" rel=\"noopener\">Leia mais.<\/a><\/p>\n<hr \/>\n<p><strong><a href=\"https:\/\/sistemas.ufmg.br\/siex\/VerIdentificacao.do?id=73492&amp;tipo=Programa\" target=\"_blank\" rel=\"noopener\">Programa de Extens\u00e3o do LACICOR<\/a><\/strong><br \/>\nLaborat\u00f3rio de Ci\u00eancia da Conserva\u00e7\u00e3o<br \/>\nCoordena\u00e7\u00e3o: Prof. Willi de Barros Gon\u00e7alves<\/p>\n<p>Reconhecido nacionalmente e internacionalmente por sua atua\u00e7\u00e3o na an\u00e1lise cient\u00edfica de obras de arte e conserva\u00e7\u00e3o de bens culturais e contando com cooperadores e parceiros, tais como IPHAN, IBRAM, IEPHA, MPF\/MG, GETTY CONSERVATION INSTITUTE, o LACICOR &#8211; Laborat\u00f3rio de Ci\u00eancia da Conserva\u00e7\u00e3o &#8211; atrav\u00e9s do programa de extens\u00e3o, visa agrupar e coordenar propostas futuras de eventos t\u00e9cnico-cient\u00edficos na \u00e1rea da Preserva\u00e7\u00e3o do Patrim\u00f4nio Cultural.<\/p>\n<p><a href=\"https:\/\/sistemas.ufmg.br\/siex\/VerIdentificacao.do?id=73492&amp;tipo=Programa\" target=\"_blank\" rel=\"noopener\">Leia mais.<\/a><\/p>\n<hr \/>\n<p><a href=\"https:\/\/sistemas.ufmg.br\/siex\/VerIdentificacao.do?id=81651&amp;tipo=Programa\" target=\"_blank\" rel=\"noopener\"><strong>AFLORA<\/strong><\/a><br \/>\nCoordena\u00e7\u00e3o: Profa. Anamaria Fernandes Viana<\/p>\n<p>O programa Aflora tem por objetivo proporcionar atividades e pr\u00e1ticas art\u00edsticas para pessoas em situa\u00e7\u00e3o de doen\u00e7a, vulnerabilidade e\/ou defici\u00eancia conferindo-lhes o direito de praticar uma forma de arte e n\u00e3o apenas o de se fazer \u201ccurar\u201d atrav\u00e9s da arte. Tem tamb\u00e9m como proposta criar metodologias em Dan\u00e7a com foco na acessibilidade. O programa acolhe os projetos de extens\u00e3o Arte e Diferen\u00e7a, Artear e o Grupo de Estudos Corpos Mistos.<\/p>\n<p><a href=\"https:\/\/sistemas.ufmg.br\/siex\/VerIdentificacao.do?id=81651&amp;tipo=Programa\" target=\"_blank\" rel=\"noopener\">Leia mais.<\/a><\/p>\n<hr \/>\n<p><span class=\"titulos_menor\"><a href=\"https:\/\/sistemas.ufmg.br\/siex\/VerIdentificacao.do?id=70278&amp;tipo=Programa\" target=\"_blank\" rel=\"noopener\"><strong>SOBRE PR\u00c1TICAS E PROCESSOS: ATELI\u00ca<\/strong><\/a><br \/>\n<strong>ESPA\u00c7O DE PESQUISAS, EXPERIMENTA\u00c7\u00d5ES E PRATICAS<\/strong><br \/>\nCoordena\u00e7\u00e3o: Jo\u00e3o Augusto Cristeli de Oliveira<\/span><\/p>\n<p>O programa contempla a realiza\u00e7\u00e3o de um conjunto de eventos realizados nos espa\u00e7os de trabalho\/ateli\u00eas dos pesquisadores do Grupo de Pesquisa da Cultura do Barro, por meio de\u00a0 exposi\u00e7\u00f5es, entrevistas, palestras, col\u00f3quios e semin\u00e1rios, virtuais e presenciais para apresenta\u00e7\u00e3o dos trabalhos, estudos, experimenta\u00e7\u00f5es, processos e pr\u00e1ticas de produ\u00e7\u00e3o dos integrantes do grupo\u00a0\u00a0 e convidados.<\/p>\n<p><a href=\"https:\/\/sistemas.ufmg.br\/siex\/VerIdentificacao.do?id=70278&amp;tipo=Programa\" target=\"_blank\" rel=\"noopener\">Leia mais.<\/a><\/p>\n<hr \/>\n<p><a href=\"https:\/\/sistemas.ufmg.br\/siex\/VerIdentificacao.do?id=70118&amp;tipo=Programa\" target=\"_blank\" rel=\"noopener\"><strong>A CASA DO FAZER<\/strong><\/a><br \/>\n<span class=\"titulos_menor\">Coordena\u00e7\u00e3o: Jo\u00e3o Augusto Cristeli de Oliveira<\/span><\/p>\n<p>Com a participa\u00e7\u00e3o de artistas, pesquisadores, professores, alunos e a sociedade como um todo, o programa pretende\u00a0 criar um espa\u00e7o comum, construindo lugares desenhados pelos mesmos, compartilhando as vis\u00f5es e pensamentos na rela\u00e7\u00e3o entre a arte contempor\u00e2nea, o conhecimento cient\u00edfico\/acad\u00eamico e os saberes e fazeres das culturas tradicionais de comunidades urbanas, rurais e ind\u00edgenas e tendo como refer\u00eancia nessa inter-rela\u00e7\u00e3o entre a pesquisa e atua\u00e7\u00e3o pr\u00e1tica as T\u00e9cnicas de Constru\u00e7\u00e3o com Terra Crua, al\u00e9m da cria\u00e7\u00e3o de um jardim tint\u00f3reo com o cultivo de ervas e flores para obten\u00e7\u00e3o de tinturas e fibras, constituindo-se sustent\u00e1vel A Casa do Fazer.<\/p>\n<p><a href=\"https:\/\/sistemas.ufmg.br\/siex\/VerIdentificacao.do?id=70118&amp;tipo=Programa\" target=\"_blank\" rel=\"noopener\">Leia mais.<\/a><\/p>\n<hr \/>\n<p><a href=\"https:\/\/sistemas.ufmg.br\/siex\/VerIdentificacao.do?id=94013&amp;tipo=Programa\" target=\"_blank\" rel=\"noopener\"><strong>POTLACH<\/strong><\/a><br \/>\nCoordena\u00e7\u00e3o: Profa. Anamaria Fernandes Viana<\/p>\n<p>Composto por estudantes de Gradua\u00e7\u00e3o da Dan\u00e7a, da Sociologia, da Psicologia e da P\u00f3s-Gradua\u00e7\u00e3o de Filosofia, o PROGRAMA POTLACH congrega p\u00fablicos diversos (crian\u00e7as, adolescentes, adultos, comunidade interna e externa), estimulando pesquisas e a\u00e7\u00f5es art\u00edsticas com foco na autoralidade e diversidade de corpos, al\u00e9m de oportunizar a\u00e7\u00f5es art\u00edsticas e culturais para p\u00fablicos que enfrentam dificuldades de acesso \u00e0 direitos sociais e culturais. Atualmente, o programa POTLACH re\u00fane as atividades dos projetos Quarentena e Sementes da Democracia.<\/p>\n<p><a href=\"https:\/\/sistemas.ufmg.br\/siex\/VerIdentificacao.do?id=94013&amp;tipo=Programa\" target=\"_blank\" rel=\"noopener\">Leia mais.<\/a><\/p>\n<hr \/>\n<p><a href=\"https:\/\/sistemas.ufmg.br\/siex\/VerIdentificacao.do?id=90786&amp;tipo=Projeto\" target=\"_blank\" rel=\"noopener\"><strong>LABORAT\u00d3RIO DE CURADORIA DE EXPOSI\u00c7\u00d5ES &#8211; BISI SILVA<br \/>\n<\/strong><\/a>Coordena\u00e7\u00e3o: Profa. Carolina Russo e Profa. Rita Lages<\/p>\n<p>A cria\u00e7\u00e3o de um laborat\u00f3rio de curadoria de exposi\u00e7\u00f5es, tem por objetivo construir processos formativos experimentais, articulado com a forma\u00e7\u00e3o em Teoria e Hist\u00f3ria da Arte, proporcionando a forma\u00e7\u00e3o em curadoria de exposi\u00e7\u00f5es, direcionada para a escrita do roteiro narrativo curatorial e a pr\u00e1tica de metodologias participativas em curadoria atrav\u00e9s de jornadas de estudos, atelier de leituras, cursos de elabora\u00e7\u00e3o de roteiros narrativos curatoriais e atividades com grupos focais e institui\u00e7\u00f5es parceiras.<\/p>\n<p><a href=\"https:\/\/sistemas.ufmg.br\/siex\/VerIdentificacao.do?id=90786&amp;tipo=Projeto\" target=\"_blank\" rel=\"noopener\">Leia mais.<\/a><\/p>\n","protected":false},"excerpt":{"rendered":"<p>Conhe\u00e7a mais sobre os programas de Extens\u00e3o da Escola de Belas Artes! Circula\u00e7\u00e3o Coordena\u00e7\u00e3o: Prof. Cristiano Gurgel Bickel O programa de extens\u00e3o Circula\u00e7\u00e3o visa evidenciar a pluralidade e diversidade da produ\u00e7\u00e3o art\u00edstica desenvolvida na Universidade, promovendo a circula\u00e7\u00e3o das a\u00e7\u00f5es<\/p>\n","protected":false},"author":1,"featured_media":0,"parent":0,"menu_order":0,"comment_status":"closed","ping_status":"closed","template":"","meta":{"_eb_attr":"","footnotes":""},"class_list":["post-2388","page","type-page","status-publish","hentry"],"_links":{"self":[{"href":"https:\/\/www.eba.ufmg.br\/index.php\/wp-json\/wp\/v2\/pages\/2388","targetHints":{"allow":["GET"]}}],"collection":[{"href":"https:\/\/www.eba.ufmg.br\/index.php\/wp-json\/wp\/v2\/pages"}],"about":[{"href":"https:\/\/www.eba.ufmg.br\/index.php\/wp-json\/wp\/v2\/types\/page"}],"author":[{"embeddable":true,"href":"https:\/\/www.eba.ufmg.br\/index.php\/wp-json\/wp\/v2\/users\/1"}],"replies":[{"embeddable":true,"href":"https:\/\/www.eba.ufmg.br\/index.php\/wp-json\/wp\/v2\/comments?post=2388"}],"version-history":[{"count":13,"href":"https:\/\/www.eba.ufmg.br\/index.php\/wp-json\/wp\/v2\/pages\/2388\/revisions"}],"predecessor-version":[{"id":8026,"href":"https:\/\/www.eba.ufmg.br\/index.php\/wp-json\/wp\/v2\/pages\/2388\/revisions\/8026"}],"wp:attachment":[{"href":"https:\/\/www.eba.ufmg.br\/index.php\/wp-json\/wp\/v2\/media?parent=2388"}],"curies":[{"name":"wp","href":"https:\/\/api.w.org\/{rel}","templated":true}]}}