{"id":236,"date":"2017-03-27T10:09:20","date_gmt":"2017-03-27T13:09:20","guid":{"rendered":"http:\/\/eba.ufmg.br\/nossa-escola\/?page_id=236"},"modified":"2021-10-26T15:22:41","modified_gmt":"2021-10-26T18:22:41","slug":"setor-de-pessoal","status":"publish","type":"page","link":"https:\/\/www.eba.ufmg.br\/index.php\/setor-de-pessoal\/","title":{"rendered":"Setor de Pessoal"},"content":{"rendered":"<p>Respons\u00e1vel: Jos\u00e9 H\u00e9lio de Souza<br \/>\nEmail: spessoal@eba.ufmg.br<br \/>\nTel.: (31) 3409-5271<\/p>\n","protected":false},"excerpt":{"rendered":"<p>Respons\u00e1vel: Jos\u00e9 H\u00e9lio de Souza Email: spessoal@eba.ufmg.br Tel.: (31) 3409-5271<\/p>\n","protected":false},"author":1,"featured_media":0,"parent":0,"menu_order":0,"comment_status":"closed","ping_status":"closed","template":"","meta":{"_eb_attr":"","footnotes":""},"class_list":["post-236","page","type-page","status-publish","hentry"],"_links":{"self":[{"href":"https:\/\/www.eba.ufmg.br\/index.php\/wp-json\/wp\/v2\/pages\/236","targetHints":{"allow":["GET"]}}],"collection":[{"href":"https:\/\/www.eba.ufmg.br\/index.php\/wp-json\/wp\/v2\/pages"}],"about":[{"href":"https:\/\/www.eba.ufmg.br\/index.php\/wp-json\/wp\/v2\/types\/page"}],"author":[{"embeddable":true,"href":"https:\/\/www.eba.ufmg.br\/index.php\/wp-json\/wp\/v2\/users\/1"}],"replies":[{"embeddable":true,"href":"https:\/\/www.eba.ufmg.br\/index.php\/wp-json\/wp\/v2\/comments?post=236"}],"version-history":[{"count":2,"href":"https:\/\/www.eba.ufmg.br\/index.php\/wp-json\/wp\/v2\/pages\/236\/revisions"}],"predecessor-version":[{"id":4219,"href":"https:\/\/www.eba.ufmg.br\/index.php\/wp-json\/wp\/v2\/pages\/236\/revisions\/4219"}],"wp:attachment":[{"href":"https:\/\/www.eba.ufmg.br\/index.php\/wp-json\/wp\/v2\/media?parent=236"}],"curies":[{"name":"wp","href":"https:\/\/api.w.org\/{rel}","templated":true}]}}