{"id":2202,"date":"2017-05-19T09:26:54","date_gmt":"2017-05-19T12:26:54","guid":{"rendered":"http:\/\/eba.ufmg.br\/nossa-escola\/?page_id=2202"},"modified":"2017-05-24T14:56:53","modified_gmt":"2017-05-24T17:56:53","slug":"sobre-o-dapl","status":"publish","type":"page","link":"https:\/\/www.eba.ufmg.br\/index.php\/sobre-o-dapl\/","title":{"rendered":"Sobre o Departamento de Artes Pl\u00e1sticas"},"content":{"rendered":"<p><strong>Chefia de Departamento:<\/strong><\/p>\n<ul>\n<li style=\"text-align: justify;\">Chefe:<\/li>\n<li style=\"text-align: justify;\">Sub-Chefe:<\/li>\n<\/ul>\n<p style=\"text-align: justify;\"><strong>Secret\u00e1ria Departamental:<\/strong><\/p>\n<p style=\"text-align: justify;\"><strong>Telefone: <\/strong>3409-5287<\/p>\n<p style=\"text-align: justify;\"><strong>Email:<\/strong> dapl@eba.ufmg.br<\/p>\n<p style=\"text-align: justify;\"><strong>Localiza\u00e7\u00e3o:<\/strong> Sala 2019, 2\u00ba andar.<\/p>\n<h3 style=\"text-align: justify;\"><span style=\"color: #0000ff;\"><strong>Hist\u00f3rico<\/strong><\/span><\/h3>\n<p style=\"text-align: justify;\">O <span style=\"color: #0000ff;\"><strong>Departamento de Artes Pl\u00e1sticas (DAPL)<\/strong><\/span> foi criado em (data), com o objetivo de atender \u00e0s atividades de ensino, pesquisa e extens\u00e3o envolvendo temas como&#8230;<\/p>\n<h3 style=\"text-align: justify;\"><span style=\"color: #0000ff;\"><strong>Infraestrutura F\u00edsica e Pessoal<\/strong><\/span><\/h3>\n<p style=\"text-align: justify;\">O Departamento de Artes Pl\u00e1sticas\u00a0conta com infraestrutura f\u00edsica e de recursos humanos adequados para o desenvolvimento de suas atividades. Atua no ensino (gradua\u00e7\u00e3o e p\u00f3s-gradua\u00e7\u00e3o), na pesquisa e extens\u00e3o. A infraestrutura f\u00edsica \u00e9 composta pela secretaria administrativa, gabinetes de professores, (n\u00ba)\u00a0laborat\u00f3rios utilizados para ensino, pesquisa e extens\u00e3o. A infraestrutura de recursos humanos \u00e9 composta de (n\u00ba) docentes e (n\u00ba) servidores t\u00e9cnico-administrativos.<\/p>\n<h3 style=\"text-align: justify;\"><span style=\"color: #0000ff;\"><strong>Atua\u00e7\u00e3o em Ensino<\/strong><\/span><\/h3>\n<p style=\"text-align: justify;\">O Departamento de Artes Pl\u00e1sticas\u00a0atua no ensino de Gradua\u00e7\u00e3o (nomes dos Cursos); P\u00f3s-Gradua\u00e7\u00e3o\u00a0<em>stricto senso<\/em> (Programa de P\u00f3s-Gradua\u00e7\u00e3o em Artes \u2013 PPGARTES).<\/p>\n<h3 style=\"text-align: justify;\"><span style=\"color: #0000ff;\"><strong>Atua\u00e7\u00e3o na Pesquisa e na Extens\u00e3o<\/strong><\/span><\/h3>\n<p>O Departamento de Artes Pl\u00e1sticas atua em 11 Projetos de Pesquisas: (citar os nomes dos Projetos e suas principais relev\u00e2ncias e destaques)&#8230;<\/p>\n","protected":false},"excerpt":{"rendered":"<p>Chefia de Departamento: Chefe: Sub-Chefe: Secret\u00e1ria Departamental: Telefone: 3409-5287 Email: dapl@eba.ufmg.br Localiza\u00e7\u00e3o: Sala 2019, 2\u00ba andar. Hist\u00f3rico O Departamento de Artes Pl\u00e1sticas (DAPL) foi criado em (data), com o objetivo de atender \u00e0s atividades de ensino, pesquisa e extens\u00e3o envolvendo<\/p>\n","protected":false},"author":1,"featured_media":0,"parent":0,"menu_order":0,"comment_status":"closed","ping_status":"closed","template":"","meta":{"_eb_attr":"","footnotes":""},"class_list":["post-2202","page","type-page","status-publish","hentry"],"_links":{"self":[{"href":"https:\/\/www.eba.ufmg.br\/index.php\/wp-json\/wp\/v2\/pages\/2202","targetHints":{"allow":["GET"]}}],"collection":[{"href":"https:\/\/www.eba.ufmg.br\/index.php\/wp-json\/wp\/v2\/pages"}],"about":[{"href":"https:\/\/www.eba.ufmg.br\/index.php\/wp-json\/wp\/v2\/types\/page"}],"author":[{"embeddable":true,"href":"https:\/\/www.eba.ufmg.br\/index.php\/wp-json\/wp\/v2\/users\/1"}],"replies":[{"embeddable":true,"href":"https:\/\/www.eba.ufmg.br\/index.php\/wp-json\/wp\/v2\/comments?post=2202"}],"version-history":[{"count":7,"href":"https:\/\/www.eba.ufmg.br\/index.php\/wp-json\/wp\/v2\/pages\/2202\/revisions"}],"predecessor-version":[{"id":2226,"href":"https:\/\/www.eba.ufmg.br\/index.php\/wp-json\/wp\/v2\/pages\/2202\/revisions\/2226"}],"wp:attachment":[{"href":"https:\/\/www.eba.ufmg.br\/index.php\/wp-json\/wp\/v2\/media?parent=2202"}],"curies":[{"name":"wp","href":"https:\/\/api.w.org\/{rel}","templated":true}]}}

Sobre o Departamento de Artes Plásticas

<p><strong>Chefia de Departamento:</strong></p>
<ul>
<li style="text-align: justify;">Chefe:</li>
<li style="text-align: justify;">Sub-Chefe:</li>
</ul>
<p style="text-align: justify;"><strong>Secretária Departamental:</strong></p>
<p style="text-align: justify;"><strong>Telefone: </strong>3409-5287</p>
<p style="text-align: justify;"><strong>Email:</strong> dapl@eba.ufmg.br</p>
<p style="text-align: justify;"><strong>Localização:</strong> Sala 2019, 2º andar.</p>
<h3 style="text-align: justify;"><span style="color: #0000ff;"><strong>Histórico</strong></span></h3>
<p style="text-align: justify;">O <span style="color: #0000ff;"><strong>Departamento de Artes Plásticas (DAPL)</strong></span> foi criado em (data), com o objetivo de atender às atividades de ensino, pesquisa e extensão envolvendo temas como&#8230;</p>
<h3 style="text-align: justify;"><span style="color: #0000ff;"><strong>Infraestrutura Física e Pessoal</strong></span></h3>
<p style="text-align: justify;">O Departamento de Artes Plásticas conta com infraestrutura física e de recursos humanos adequados para o desenvolvimento de suas atividades. Atua no ensino (graduação e pós-graduação), na pesquisa e extensão. A infraestrutura física é composta pela secretaria administrativa, gabinetes de professores, (nº) laboratórios utilizados para ensino, pesquisa e extensão. A infraestrutura de recursos humanos é composta de (nº) docentes e (nº) servidores técnico-administrativos.</p>
<h3 style="text-align: justify;"><span style="color: #0000ff;"><strong>Atuação em Ensino</strong></span></h3>
<p style="text-align: justify;">O Departamento de Artes Plásticas atua no ensino de Graduação (nomes dos Cursos); Pós-Graduação <em>stricto senso</em> (Programa de Pós-Graduação em Artes – PPGARTES).</p>
<h3 style="text-align: justify;"><span style="color: #0000ff;"><strong>Atuação na Pesquisa e na Extensão</strong></span></h3>
<p>O Departamento de Artes Plásticas atua em 11 Projetos de Pesquisas: (citar os nomes dos Projetos e suas principais relevâncias e destaques)&#8230;</p>

<p>Chefia de Departamento: Chefe: Sub-Chefe: Secretária Departamental: Telefone: 3409-5287 Email: dapl@eba.ufmg.br Localização: Sala 2019, 2º andar. Histórico O Departamento de Artes Plásticas (DAPL) foi criado em (data), com o objetivo de atender às atividades de ensino, pesquisa e extensão envolvendo</p>
